(m) be the third derivative of -m**4/12 - m**3/2 - m**2. Let f(u) = -u**2 - 8*u + 17. Let i be f(-10). Determine a(i).
3
Let g(p) = -4*p**2 - 4*p - 8. Let x(k) = -5*k**2 - 4*k - 9. Let w(h) = -6*g(h) + 5*x(h). Let f be 8/(-20) + 16/(-10). Calculate w(f).
-9
Let j(m) be the first derivative of 2*m**3/3 - 2*m**2 - m - 6. What is j(3)?
5
Suppose -d = -3*d - 8. Let q(l) = -11*l**3 + 8*l**2 - 4*l - 25. Let k(t) = 5*t**3 - 4*t**2 + 2*t + 12. Let f(n) = 13*k(n) + 6*q(n). Give f(d).
-2
Let c = 3 - -5. Let x(m) = -m + 9. Let h be x(c). Let s(r) be the first derivative of 3*r**4/2 + r**3/3 - r + 2. Give s(h).
6
Let n(i) be the first derivative of i**5/20 + i**4/3 - i**3/6 + i**2/2 - 2*i - 2. Let t(f) be the first derivative of n(f). Let j = -11 + 7. Determine t(j).
5
Let z(w) be the first derivative of w**2 + 5*w - 2. Let a(n) = -6*n - 14. Let b(d) = 6*a(d) + 17*z(d). Let o(s) = s**3 - s + 2. Let i be o(-2). Give b(i).
9
Let f = 7 - 2. Let w = 0 - f. Let g(k) = 3*k**3 + 8*k**2 + 6*k + 4. Let p(q) = 10*q**3 + 25*q**2 + 18*q + 12. Let l(m) = -7*g(m) + 2*p(m). Calculate l(w).
1
Let h(b) = -6 + 7*b + b**3 - 2*b**3 + 121*b**2 - 117*b**2. What is h(5)?
4
Let u(w) = 15*w + 5 - w**2 + 0*w**2 - 13*w. Let v = -10 + 14. Determine u(v).
-3
Let i(f) be the first derivative of 2*f**3/3 - 3*f**2/2 + 4. Determine i(4).
20
Let j(k) = -2*k + 2*k**2 - 1 - 8*k**2 + 0. Let l be (-3)/9 + 4/(-6). Determine j(l).
-5
Let r(d) = -d**3 + 3*d**2 + 2*d - 3. Let q be r(3). Let i(j) = -2*j**3 + j**2 - j. Let g(v) = v**3 + v**2 + v. Let l(o) = g(o) + i(o). What is l(q)?
-9
Let w(u) be the third derivative of u**6/120 + u**5/10 - 7*u**4/24 + 5*u**3/6 - 20*u**2. Determine w(-7).
5
Let n(h) be the first derivative of -3*h**2 + 5*h + 47. Give n(4).
-19
Let j = 151 - 152. Let g(s) = 5*s**3 + s**2. What is g(j)?
-4
Let l(h) = -55*h**3 - 10*h - 3. Let b(j) = 37*j**3 + 7*j + 2. Let z(p) = 7*b(p) + 5*l(p). Calculate z(-1).
16
Let v(k) = -2*k**2 + 4*k - 3. Let o be v(2). Let m(j) be the first derivative of j**2/2 + 3*j + 9. Determine m(o).
0
Let p(n) be the second derivative of n + n**2 + 1/12*n**4 + 0 + 2/3*n**3. Suppose o + 2 = -2*d, 3*d - o = 7*d + 6. Calculate p(d).
-2
Let z(g) = -g**2 + 2*g + 1. Let w(o) = 2*o**2 - 5*o - 2. Let q(r) = 2*w(r) + 5*z(r). Let x(f) be the first derivative of q(f). What is x(-5)?
10
Let d(f) be the first derivative of -f**4/4 - 4*f**3/3 + 5*f**2/2 - 3*f + 1. Suppose a = -8 + 3. What is d(a)?
-3
Let y(p) = -9*p - 2. Let g(d) = 5*d**2 - 2. Let b be g(0). Determine y(b).
16
Let i(w) = -w**3 + 7*w**2 - 6*w - 4. Suppose g + 4*d = 10, -d + 2*d = -g + 7. Calculate i(g).
-4
Let u(k) be the first derivative of -k**3/3 + 3*k**2/2 + 8*k - 6. Determine u(6).
-10
Let m(b) = 2*b**2 + 5*b**2 + 7*b**2 + b**2 + 12*b - 11. Let z(k) = 7*k**2 + 6*k - 5. Let j(c) = -6*m(c) + 13*z(c). Give j(-5).
-4
Let k(s) = -s + 10. Let u be k(2). Let y(a) = 2*a - 8. Give y(u).
8
Let v(n) = -n**2 - 7*n - 5. Let f(l) = -l**2 + 6*l - 6. Let w be f(6). Let b be v(w). Let c(h) = 3 + 4 - b - 5 - h. Determine c(-3).
4
Let o(n) = n**3 + 6*n**2 + 4*n + 1. Let k(s) = -s**2 - 14*s + 4. Let d be k(-14). Let a be (45/36)/((-1)/d). What is o(a)?
6
Let z(o) be the first derivative of 5*o**4/4 + o**3/3 - o**2/2 + o - 2. Determine z(1).
6
Let a(w) = w**2 + 9*w + 3. Let k(n) = n**2 + 8*n + 7. Let x be k(-5). What is a(x)?
-5
Let u(g) be the first derivative of -2*g**2 + g - 22. Calculate u(1).
-3
Let n(w) = -w - 1. Suppose 0 + 1 = f. Let i = 1 - f. Give n(i).
-1
Suppose 1 = i - 2. Let x(r) be the second derivative of r**4/6 + r**3/3 - r**2 - r. Let h(z) = -3*z**2 - 5*z + 5. Let f(d) = i*h(d) + 5*x(d). What is f(4)?
1
Let t(x) = -5*x**3 + 2*x**2 + 2*x - 7. Let y(o) = 3*o**3 - o**2 - o + 4. Let g(b) = 4*t(b) + 7*y(b). Determine g(0).
0
Suppose -2*n = -3*n - 3. Let w(x) = 5 + x + 2*x**2 - 2 + 8*x - 5*x. Determine w(n).
9
Suppose 0 = -2*u + 7*u - 30. Suppose -2*n - u = -0*n. Let i(k) = k**3 + 4*k**2 + 3*k - 3. Give i(n).
-3
Let b(k) be the second derivative of 0*k**2 - 1/120*k**5 + 0 + 2*k - 1/12*k**4 - 1/3*k**3. Let g(u) be the second derivative of b(u). Give g(-5).
3
Let w(y) be the third derivative of -y**4/2 + y**3/6 - 10*y**2. Calculate w(1).
-11
Let j(i) = 9*i**2 + i - 1. Suppose -4 = -3*s - s. What is j(s)?
9
Let l = -71 - -72. Let y(a) = -4*a**2 - 4*a + 4. Let o(t) = -t + 1. Suppose 0 = -5*k - 3 + 8. Let b(c) = k*y(c) - 5*o(c). What is b(l)?
-4
Suppose 0 = -2*h + 4*h - 2*g - 12, -2*h - 2*g = -20. Let o = -6 + h. Let s(b) = -b + 3 + b**o - 2 - b**3 + 3. Determine s(0).
4
Let g = 2 - 2. Suppose -5*p - 15 = 0, -5*p - 19 + g = -2*j. Let u(l) = 0*l**2 + l + l**3 + 0*l**3 + 1 - 2*l**3 + l**2. What is u(j)?
-1
Let n(b) = b**2 - b - 2*b + 2*b. Let l(m) = m**3 + 14*m**2 + 11*m - 27. Let i be l(-13). Calculate n(i).
2
Suppose 4*z + z - 30 = 0. Let t(u) = -z - 2*u + u**2 + 4*u - 3*u + 4. Calculate t(-3).
10
Suppose 5*p + 31 = g, 5*p + 5*g + 52 = -3. Let s(k) = -k + 3. Determine s(p).
10
Let z be (-1)/(3/(-6)) - 2. Let i(s) be the first derivative of -s**5/120 + 7*s**4/24 - s**3/3 + 1. Let j(l) be the third derivative of i(l). What is j(z)?
7
Let r(z) be the first derivative of z**4/4 - 4*z**3/3 + 2*z**2 - z - 12. Determine r(3).
2
Let o(j) be the first derivative of -j**2 + 2/3*j**3 - 1/2*j**4 + 4 + 3*j. Determine o(2).
-9
Let t(a) be the first derivative of -a**2 - a - 8. Give t(4).
-9
Suppose 2*h = -3*g - 12, -3*h + 8 = -3*g + g. Let y(c) be the second derivative of -c**3/3 + c**2 + 13*c. What is y(g)?
10
Let b(h) be the third derivative of h**5/60 - h**4/8 - 5*h**3/6 + 17*h**2. Determine b(4).
-1
Let h(b) = -6*b - 4. Let s(q) = q + 1. Let p(k) = -2*h(k) - 11*s(k). Let d(j) = -j + 11. Suppose m - 13 + 5 = 4*a, 4*m - 4*a = 32. Let x be d(m). What is p(x)?
0
Let t(d) = d + 4. Let x = -18 + 13. Calculate t(x).
-1
Let h(k) = -k**2 + 3*k + 5. Let t = 11 - 7. Suppose 4*s - 5*v = 30, -s + t*v - 3 = -16. Let w be h(s). Let q(a) = a + 7. Calculate q(w).
2
Let l(j) = -j. Let s(a) = a**2 + 2. Let q be s(2). Determine l(q).
-6
Let f(m) = 0*m**2 - 3 - m**2 - m - 1. Let k = 25 + -25. Give f(k).
-4
Let g(b) = 5*b**3 - 2*b - 1. Let q be -28*3/(-18)*-3. Let s(j) = j**3 + 14*j**2 + j + 13. Let v be s(q). Calculate g(v).
-4
Suppose j = 3*g - 6 - 5, -3*j + 32 = 4*g. Let q(u) = 7*u**2 - u**3 + 1 + u**2 - 6*u - 3*u**2. Calculate q(j).
-7
Let d be 152/40 + 2/10. Let n(j) = 2*j**2 - 8*j - 1. Let m be n(d). Let b(u) be the first derivative of 5*u**2/2 + u - 1. What is b(m)?
-4
Let d(j) = j + 5. Let q be d(-6). Let t be q + (-3 - (1 + -4)). Let l(f) = -4*f**3 - f - 1. Give l(t).
4
Suppose 0 = 3*y + 3 - 6. Let q(a) = 6*a. What is q(y)?
6
Let g(l) = -l**2 + 10*l - 6. Let z be g(7). Let h = z - 10. Let m(x) be the first derivative of x**4/4 - 2*x**3 + 4*x**2 - 5*x - 2. Determine m(h).
10
Suppose -3*z - 6 = -2*s - 1, -4*s - 14 = 2*z. Let g(i) = i**3 + 3*i**2 + i. Give g(s).
2
Let y be (-52)/12 + 4/(-6). Let d(l) be the second derivative of 5/6*l**3 - 2*l - 2*l**2 - 1/3*l**4 + 0 - 1/20*l**5. Give d(y).
-4
Suppose -4*v + 25 = -35. Suppose -3*x = 6 - v. Suppose 0*f = x*f. Let c(b) = b**2 + 1. Calculate c(f).
1
Let v be 46/14 - 12/42. Let d be (1 + (-2)/(-4))*2. Suppose d*m + 2*h - 7 = 0, 0*m - 3*h + 3 = v*m. Let l(g) = g**3 - 5*g**2 + 2*g - 7. Calculate l(m).
3
Let f(o) = o**3 - 10*o**2 + 10*o - 7. Let l be f(9). Let h(a) = a + 1. Let r be h(l). Let d(k) be the first derivative of k**2/2 - 3*k + 14. Calculate d(r).
0
Let n(y) = -y**2 + y - 7. Let m be (9 + -9)*1/(-2). Suppose 0 = -m*h - 3*h. Give n(h).
-7
Let a(l) = -2*l**3 + 27 + 26 + 2*l - 52. Determine a(-2).
13
Let a be ((-156)/(-16))/(3/8). Suppose -3*j - a = 4*g, 13 = -4*j - 0*j - g. Let y(r) = -2*r + 1 - 1. Determine y(j).
4
Let d(f) be the first derivative of 4*f**3/3 - 3*f**2/2 + 2*f - 9. Let g(j) = 0*j**2 - 4*j**2 + 3*j**2. Let b(t) = -d(t) - 2*g(t). Give b(2).
-4
Let y(f) = f**2 + 7*f + 5. Let m(r) = -r**3 - 4*r**2 - 3*r - 6. Let h be m(-3). What is y(h)?
-1
Suppose 12 = 4*u, 0 = -4*h + h - 2*u + 6. Let r(x) = 4*x**2 - 1. Let g be r(-1). Let v(a) = g - 3*a**2 + 0 + a**3 + 2*a**2 + a. Determine v(h).
3
Let s be 0 + 7 + (2 - 5). Let k(f) = s - 5 - 2*f + f - f. Suppose 5*q + r + 24 = -2*r, 0 = 3*q - r + 6. Determine k(q).
5
Let i(o) = o**3 + 7*o**2 + o - 3. Suppose -4*b + 6*d - 28 = 2*d, 